CRAN Package Check Results for Package Pijavski

Last updated on 2021-06-21 10:52:43 CEST.

Flavor Version Tinstall Tcheck Ttotal Status Flags
r-devel-linux-x86_64-debian-clang 1.0.3 17.76 25.43 43.19 NOTE
r-devel-linux-x86_64-debian-gcc 1.0.3 12.14 20.05 32.19 NOTE
r-devel-linux-x86_64-fedora-clang 1.0.3 67.79 NOTE
r-devel-linux-x86_64-fedora-gcc 1.0.3 53.69 NOTE
r-devel-windows-x86_64 1.0.3 23.00 50.00 73.00 NOTE
r-devel-windows-x86_64-gcc10-UCRT 1.0.3 NOTE
r-patched-linux-x86_64 1.0.3 14.50 24.48 38.98 NOTE
r-patched-solaris-x86 1.0.3 67.30 NOTE
r-release-linux-x86_64 1.0.3 13.36 24.64 38.00 NOTE
r-release-macos-arm64 1.0.3 NOTE
r-release-macos-x86_64 1.0.3 NOTE
r-release-windows-ix86+x86_64 1.0.3 44.00 51.00 95.00 NOTE
r-oldrel-macos-x86_64 1.0.3 OK

Check Details

Version: 1.0.3
Check: LazyData
Result: NOTE
     'LazyData' is specified without a 'data' directory
Flavors: r-devel-linux-x86_64-debian-clang, r-devel-linux-x86_64-debian-gcc, r-devel-linux-x86_64-fedora-clang, r-devel-linux-x86_64-fedora-gcc, r-devel-windows-x86_64, r-devel-windows-x86_64-gcc10-UCRT, r-patched-linux-x86_64, r-patched-solaris-x86, r-release-linux-x86_64, r-release-macos-arm64, r-release-macos-x86_64, r-release-windows-ix86+x86_64