CRAN Package Check Results for Package PPforest

Last updated on 2021-06-16 10:52:29 CEST.

Flavor Version Tinstall Tcheck Ttotal Status Flags
r-devel-linux-x86_64-debian-clang 0.1.1 49.33 84.79 134.12 OK
r-devel-linux-x86_64-debian-gcc 0.1.1 35.07 63.06 98.13 OK
r-devel-linux-x86_64-fedora-clang 0.1.1 175.01 OK
r-devel-linux-x86_64-fedora-gcc 0.1.1 164.04 OK
r-devel-windows-x86_64 0.1.1 59.00 128.00 187.00 OK
r-devel-windows-x86_64-gcc10-UCRT 0.1.1 OK
r-patched-linux-x86_64 0.1.1 42.59 78.61 121.20 OK
r-patched-solaris-x86 0.1.1 174.70 OK
r-release-linux-x86_64 0.1.1 37.39 79.11 116.50 OK
r-release-macos-arm64 0.1.1 NOTE
r-release-macos-x86_64 0.1.1 NOTE
r-release-windows-ix86+x86_64 0.1.1 110.00 175.00 285.00 OK
r-oldrel-macos-x86_64 0.1.1 NOTE
r-oldrel-windows-ix86+x86_64 0.1.1 114.00 188.00 302.00 OK

Check Details

Version: 0.1.1
Check: installed package size
Result: NOTE
     installed size is 6.4Mb
     sub-directories of 1Mb or more:
     libs 5.3Mb
Flavors: r-release-macos-arm64, r-release-macos-x86_64, r-oldrel-macos-x86_64