CRAN Package Check Results for Package PNSIBGE

Last updated on 2021-06-24 10:52:33 CEST.

Flavor Version Tinstall Tcheck Ttotal Status Flags
r-devel-linux-x86_64-debian-clang 0.1.3 11.27 97.25 108.52 OK
r-devel-linux-x86_64-debian-gcc 0.1.3 9.71 73.09 82.80 OK
r-devel-linux-x86_64-fedora-clang 0.1.4 85.21 OK
r-devel-linux-x86_64-fedora-gcc 0.1.4 128.87 OK
r-devel-windows-x86_64 0.1.3 17.00 107.00 124.00 OK
r-devel-windows-x86_64-gcc10-UCRT 0.1.3 ERROR
r-patched-linux-x86_64 0.1.3 8.87 90.42 99.29 OK
r-patched-solaris-x86 0.1.4 166.10 OK
r-release-linux-x86_64 0.1.3 10.67 90.98 101.65 OK
r-release-macos-arm64 0.1.3 OK
r-release-macos-x86_64 0.1.3 OK
r-release-windows-ix86+x86_64 0.1.3 19.00 84.00 103.00 OK
r-oldrel-macos-x86_64 0.1.3 OK

Check Details

Version: 0.1.3
Check: package dependencies
Result: ERROR
    Packages required but not available: 'projmgr', 'httr'
    
    Package suggested but not available for checking: 'tidyverse'
    
    See section 'The DESCRIPTION file' in the 'Writing R Extensions'
    manual.
Flavor: r-devel-windows-x86_64-gcc10-UCRT