CRAN Package Check Results for Package NestedCategBayesImpute

Last updated on 2021-06-19 10:52:09 CEST.

Flavor Version Tinstall Tcheck Ttotal Status Flags
r-devel-linux-x86_64-debian-clang 1.2.1 169.27 52.55 221.82 NOTE
r-devel-linux-x86_64-debian-gcc 1.2.1 104.30 39.32 143.62 NOTE
r-devel-linux-x86_64-fedora-clang 1.2.1 321.10 NOTE
r-devel-linux-x86_64-fedora-gcc 1.2.1 264.79 NOTE
r-devel-windows-x86_64 1.2.1 194.00 78.00 272.00 NOTE
r-devel-windows-x86_64-gcc10-UCRT 1.2.1 NOTE
r-patched-linux-x86_64 1.2.1 124.03 48.68 172.71 NOTE
r-patched-solaris-x86 1.2.1 236.30 WARN
r-release-linux-x86_64 1.2.1 121.14 49.47 170.61 NOTE
r-release-macos-arm64 1.2.1 NOTE
r-release-macos-x86_64 1.2.1 NOTE
r-release-windows-ix86+x86_64 1.2.1 366.00 101.00 467.00 WARN
r-oldrel-macos-x86_64 1.2.1 NOTE
r-oldrel-windows-ix86+x86_64 1.2.1 272.00 99.00 371.00 WARN

Check Details

Version: 1.2.1
Check: LazyData
Result: NOTE
     'LazyData' is specified without a 'data' directory
Flavors: r-devel-linux-x86_64-debian-clang, r-devel-linux-x86_64-debian-gcc, r-devel-linux-x86_64-fedora-clang, r-devel-linux-x86_64-fedora-gcc, r-devel-windows-x86_64, r-devel-windows-x86_64-gcc10-UCRT, r-patched-linux-x86_64, r-patched-solaris-x86, r-release-linux-x86_64, r-release-macos-arm64, r-release-macos-x86_64, r-release-windows-ix86+x86_64

Version: 1.2.1
Check: for GNU extensions in Makefiles
Result: NOTE
    GNU make is a SystemRequirements.
Flavors: r-devel-linux-x86_64-debian-clang, r-devel-linux-x86_64-debian-gcc, r-devel-linux-x86_64-fedora-clang, r-devel-linux-x86_64-fedora-gcc, r-devel-windows-x86_64, r-devel-windows-x86_64-gcc10-UCRT, r-patched-linux-x86_64, r-patched-solaris-x86, r-release-linux-x86_64, r-release-macos-arm64, r-release-macos-x86_64, r-release-windows-ix86+x86_64, r-oldrel-macos-x86_64, r-oldrel-windows-ix86+x86_64

Version: 1.2.1
Check: installed package size
Result: NOTE
     installed size is 5.4Mb
     sub-directories of 1Mb or more:
     libs 4.7Mb
Flavors: r-devel-linux-x86_64-fedora-clang, r-release-macos-arm64

Version: 1.2.1
Check: whether package can be installed
Result: WARN
    Found the following significant warnings:
     generateData.cpp:105:18: warning: passing NULL to non-pointer argument 1 of ‘Rcpp::Vector<RTYPE, StoragePolicy>::Vector(const int&) [with int RTYPE = 19; StoragePolicy = Rcpp::PreserveStorage]’ [-Wconversion-null]
Flavors: r-patched-solaris-x86, r-release-windows-ix86+x86_64, r-oldrel-windows-ix86+x86_64