CRAN Package Check Results for Package MPkn

Last updated on 2021-05-11 23:50:49 CEST.

Flavor Version Tinstall Tcheck Ttotal Status Flags
r-devel-linux-x86_64-debian-clang 0.1.0 1.73 29.20 30.93 NOTE
r-devel-linux-x86_64-debian-gcc 0.1.0 1.61 23.47 25.08 NOTE
r-devel-linux-x86_64-fedora-clang 0.1.0 49.32 NOTE
r-devel-linux-x86_64-fedora-gcc 0.1.0 36.58 NOTE
r-devel-windows-ix86+x86_64 0.1.0 6.00 49.00 55.00 NOTE
r-devel-windows-x86_64-gcc10-UCRT 0.1.0 NOTE
r-patched-linux-x86_64 0.1.0 1.97 29.18 31.15 NOTE
r-patched-solaris-x86 0.1.0 50.60 NOTE
r-release-linux-x86_64 0.1.0 1.98 28.83 30.81 OK
r-release-macos-x86_64 0.1.0 OK
r-release-windows-ix86+x86_64 0.1.0 5.00 42.00 47.00 OK
r-oldrel-macos-x86_64 0.1.0 OK
r-oldrel-windows-ix86+x86_64 0.1.0 4.00 50.00 54.00 OK

Check Details

Version: 0.1.0
Check: LazyData
Result: NOTE
     'LazyData' is specified without a 'data' directory
Flavors: r-devel-linux-x86_64-debian-clang, r-devel-linux-x86_64-debian-gcc, r-devel-linux-x86_64-fedora-clang, r-devel-linux-x86_64-fedora-gcc, r-devel-windows-ix86+x86_64, r-devel-windows-x86_64-gcc10-UCRT, r-patched-linux-x86_64, r-patched-solaris-x86