CRAN Package Check Results for Package MLVSBM

Last updated on 2021-06-16 10:52:25 CEST.

Flavor Version Tinstall Tcheck Ttotal Status Flags
r-devel-linux-x86_64-debian-clang 0.2.2 7.32 68.27 75.59 OK
r-devel-linux-x86_64-debian-gcc 0.2.2 6.17 48.76 54.93 OK
r-devel-linux-x86_64-fedora-clang 0.2.2 105.43 OK
r-devel-linux-x86_64-fedora-gcc 0.2.2 86.80 OK
r-devel-windows-x86_64 0.2.2 14.00 88.00 102.00 OK
r-devel-windows-x86_64-gcc10-UCRT 0.2.2 OK
r-patched-linux-x86_64 0.2.2 8.90 64.36 73.26 OK
r-patched-solaris-x86 0.2.2 122.70 OK
r-release-linux-x86_64 0.2.2 9.51 62.40 71.91 OK
r-release-macos-arm64 0.2.1 NOTE
r-release-macos-x86_64 0.2.2 OK
r-release-windows-ix86+x86_64 0.2.2 13.00 86.00 99.00 OK
r-oldrel-macos-x86_64 0.2.2 OK
r-oldrel-windows-ix86+x86_64 0.2.2 11.00 75.00 86.00 OK

Check Details

Version: 0.2.1
Check: LazyData
Result: NOTE
     'LazyData' is specified without a 'data' directory
Flavor: r-release-macos-arm64