CRAN Package Check Results for Package MGMM

Last updated on 2021-06-15 10:49:55 CEST.

Flavor Version Tinstall Tcheck Ttotal Status Flags
r-devel-linux-x86_64-debian-clang 0.3.1 49.79 60.05 109.84 NOTE
r-devel-linux-x86_64-debian-gcc 0.3.1 34.75 41.27 76.02 NOTE
r-devel-linux-x86_64-fedora-clang 0.3.1 151.26 NOTE
r-devel-linux-x86_64-fedora-gcc 0.3.1 131.49 NOTE
r-devel-windows-x86_64 0.3.1 65.00 83.00 148.00 NOTE
r-devel-windows-x86_64-gcc10-UCRT 0.3.1 NOTE
r-patched-linux-x86_64 0.3.1 41.36 52.47 93.83 NOTE
r-patched-solaris-x86 0.3.1 144.90 NOTE
r-release-linux-x86_64 0.3.1 38.21 52.69 90.90 NOTE
r-release-macos-arm64 0.3.1 NOTE
r-release-macos-x86_64 0.3.1 NOTE
r-release-windows-ix86+x86_64 0.3.1 121.00 104.00 225.00 NOTE
r-oldrel-macos-x86_64 0.3.1 OK
r-oldrel-windows-ix86+x86_64 0.3.1 94.00 108.00 202.00 OK

Check Details

Version: 0.3.1
Check: LazyData
Result: NOTE
     'LazyData' is specified without a 'data' directory
Flavors: r-devel-linux-x86_64-debian-clang, r-devel-linux-x86_64-debian-gcc, r-devel-linux-x86_64-fedora-clang, r-devel-linux-x86_64-fedora-gcc, r-devel-windows-x86_64, r-devel-windows-x86_64-gcc10-UCRT, r-patched-linux-x86_64, r-patched-solaris-x86, r-release-linux-x86_64, r-release-macos-arm64, r-release-macos-x86_64, r-release-windows-ix86+x86_64