CRAN Package Check Results for Package MEDseq

Last updated on 2021-07-30 23:51:50 CEST.

Flavor Version Tinstall Tcheck Ttotal Status Flags
r-devel-linux-x86_64-debian-clang 1.3.0 ERROR
r-devel-linux-x86_64-debian-gcc 1.3.0 15.08 101.32 116.40 OK
r-devel-linux-x86_64-fedora-clang 1.3.0 193.58 OK
r-devel-linux-x86_64-fedora-gcc 1.3.0 176.64 OK
r-devel-windows-x86_64 1.3.0 42.00 162.00 204.00 OK
r-devel-windows-x86_64-gcc10-UCRT 1.2.1 OK
r-patched-linux-x86_64 1.3.0 OK
r-patched-solaris-x86 1.3.0 247.60 OK
r-release-linux-x86_64 1.3.0 17.10 127.37 144.47 OK
r-release-macos-arm64 1.3.0 OK
r-release-macos-x86_64 1.3.0 OK
r-release-windows-ix86+x86_64 1.3.0 36.00 161.00 197.00 OK
r-oldrel-macos-x86_64 1.3.0 OK
r-oldrel-windows-ix86+x86_64 1.3.0 41.00 162.00 203.00 OK

Check Details

Version: 1.3.0
Check: package dependencies
Result: ERROR
    Package required but not available: 'stringdist'
    
    See section 'The DESCRIPTION file' in the 'Writing R Extensions'
    manual.
Flavor: r-devel-linux-x86_64-debian-clang