CRAN Package Check Results for Package MARSS

Last updated on 2021-06-12 23:49:12 CEST.

Flavor Version Tinstall Tcheck Ttotal Status Flags
r-devel-linux-x86_64-debian-clang 3.11.3 19.21 264.92 284.13 OK
r-devel-linux-x86_64-debian-gcc 3.11.3 19.08 196.71 215.79 OK
r-devel-linux-x86_64-fedora-clang 3.11.3 297.33 OK
r-devel-linux-x86_64-fedora-gcc 3.11.3 323.49 OK
r-devel-windows-x86_64 3.11.3 35.00 268.00 303.00 OK
r-devel-windows-x86_64-gcc10-UCRT 3.11.3 OK
r-patched-linux-x86_64 3.11.3 24.74 255.76 280.50 OK
r-patched-solaris-x86 3.11.3 365.40 NOTE
r-release-linux-x86_64 3.11.3 24.44 256.31 280.75 OK
r-release-macos-arm64 3.11.3 OK
r-release-macos-x86_64 3.11.3 OK
r-release-windows-ix86+x86_64 3.11.3 23.00 257.00 280.00 OK
r-oldrel-macos-x86_64 3.11.3 OK
r-oldrel-windows-ix86+x86_64 3.11.3 24.00 257.00 281.00 OK

Check Details

Version: 3.11.3
Check: installed package size
Result: NOTE
     installed size is 5.3Mb
     sub-directories of 1Mb or more:
     doc 3.8Mb
Flavor: r-patched-solaris-x86