CRAN Package Check Results for Package MAINT.Data

Last updated on 2021-05-11 23:50:47 CEST.

Flavor Version Tinstall Tcheck Ttotal Status Flags
r-devel-linux-x86_64-debian-clang 2.6.1 238.15 160.95 399.10 OK
r-devel-linux-x86_64-debian-gcc 2.6.1 165.59 118.14 283.73 OK
r-devel-linux-x86_64-fedora-clang 2.6.1 538.73 NOTE
r-devel-linux-x86_64-fedora-gcc 2.6.1 495.57 OK
r-devel-windows-ix86+x86_64 2.6.1 554.00 243.00 797.00 NOTE
r-devel-windows-x86_64-gcc10-UCRT 2.6.1 OK
r-patched-linux-x86_64 2.6.1 196.19 150.59 346.78 OK
r-patched-solaris-x86 2.6.1 511.00 NOTE
r-release-linux-x86_64 2.6.1 170.19 146.06 316.25 OK
r-release-macos-x86_64 2.6.1 NOTE
r-release-windows-ix86+x86_64 2.6.1 398.00 170.00 568.00 NOTE
r-oldrel-macos-x86_64 2.6.1 NOTE
r-oldrel-windows-ix86+x86_64 2.6.0 477.00 229.00 706.00 NOTE

Check Details

Version: 2.6.1
Check: installed package size
Result: NOTE
     installed size is 9.1Mb
     sub-directories of 1Mb or more:
     R 1.5Mb
     data 2.3Mb
     libs 4.9Mb
Flavors: r-devel-linux-x86_64-fedora-clang, r-devel-windows-ix86+x86_64, r-patched-solaris-x86, r-release-macos-x86_64, r-release-windows-ix86+x86_64, r-oldrel-macos-x86_64

Version: 2.6.0
Check: installed package size
Result: NOTE
     installed size is 6.3Mb
     sub-directories of 1Mb or more:
     R 1.5Mb
     data 2.3Mb
     libs 2.3Mb
Flavor: r-oldrel-windows-ix86+x86_64