CRAN Package Check Results for Package JointNets

Last updated on 2021-05-06 10:49:57 CEST.

Flavor Version Tinstall Tcheck Ttotal Status Flags
r-devel-linux-x86_64-debian-clang 2.0.1 11.93 109.47 121.40 OK
r-devel-linux-x86_64-debian-gcc 2.0.1 9.59 83.45 93.04 OK
r-devel-linux-x86_64-fedora-clang 2.0.1 163.88 OK
r-devel-linux-x86_64-fedora-gcc 2.0.1 148.29 OK
r-devel-windows-ix86+x86_64 2.0.1 24.00 127.00 151.00 OK
r-devel-windows-x86_64-gcc10-UCRT 2.0.1 OK
r-patched-linux-x86_64 2.0.1 18.71 106.62 125.33 OK
r-patched-solaris-x86 2.0.1 218.10 OK
r-release-linux-x86_64 2.0.1 11.29 103.80 115.09 OK
r-release-macos-x86_64 2.0.1 OK
r-release-windows-ix86+x86_64 2.0.1 17.00 102.00 119.00 OK
r-oldrel-macos-x86_64 2.0.1 OK
r-oldrel-windows-ix86+x86_64 2.0.1 19.00 4.00 23.00 ERROR

Check Details

Version: 2.0.1
Check: whether package can be installed
Result: ERROR
    Installation failed.
Flavor: r-oldrel-windows-ix86+x86_64