CRAN Package Check Results for Package JamendoR

Last updated on 2021-06-14 10:51:52 CEST.

Flavor Version Tinstall Tcheck Ttotal Status Flags
r-devel-linux-x86_64-debian-clang 0.1.0 4.40 46.70 51.10 NOTE
r-devel-linux-x86_64-debian-gcc 0.1.0 3.69 35.21 38.90 NOTE
r-devel-linux-x86_64-fedora-clang 0.1.0 69.66 NOTE
r-devel-linux-x86_64-fedora-gcc 0.1.0 59.92 NOTE
r-devel-windows-x86_64 0.1.0 9.00 65.00 74.00 NOTE
r-devel-windows-x86_64-gcc10-UCRT 0.1.0 NOTE
r-patched-linux-x86_64 0.1.0 4.84 44.02 48.86 NOTE
r-patched-solaris-x86 0.1.0 83.50 NOTE
r-release-linux-x86_64 0.1.0 4.25 43.78 48.03 NOTE
r-release-macos-arm64 0.1.0 NOTE
r-release-macos-x86_64 0.1.0 NOTE
r-release-windows-ix86+x86_64 0.1.0 18.00 68.00 86.00 NOTE
r-oldrel-macos-x86_64 0.1.0 OK
r-oldrel-windows-ix86+x86_64 0.1.0 26.00 67.00 93.00 OK

Additional issues

donttest

Check Details

Version: 0.1.0
Check: LazyData
Result: NOTE
     'LazyData' is specified without a 'data' directory
Flavors: r-devel-linux-x86_64-debian-clang, r-devel-linux-x86_64-debian-gcc, r-devel-linux-x86_64-fedora-clang, r-devel-linux-x86_64-fedora-gcc, r-devel-windows-x86_64, r-devel-windows-x86_64-gcc10-UCRT, r-patched-linux-x86_64, r-patched-solaris-x86, r-release-linux-x86_64, r-release-macos-arm64, r-release-macos-x86_64, r-release-windows-ix86+x86_64