CRAN Package Check Results for Package JGR

Last updated on 2021-05-11 23:50:46 CEST.

Flavor Version Tinstall Tcheck Ttotal Status Flags
r-devel-linux-x86_64-debian-clang 1.8-7 5.27 39.94 45.21 OK
r-devel-linux-x86_64-debian-gcc 1.8-7 3.58 30.44 34.02 OK
r-devel-linux-x86_64-fedora-clang 1.8-7 64.78 OK
r-devel-linux-x86_64-fedora-gcc 1.8-7 54.49 OK
r-devel-windows-ix86+x86_64 1.8-7 9.00 57.00 66.00 OK
r-devel-windows-x86_64-gcc10-UCRT 1.8-7 OK
r-patched-linux-x86_64 1.8-7 4.81 38.70 43.51 OK
r-patched-solaris-x86 1.8-7 78.60 NOTE
r-release-linux-x86_64 1.8-7 4.44 37.57 42.01 OK
r-release-macos-x86_64 1.8-7 OK --install=fake
r-release-windows-ix86+x86_64 1.8-7 7.00 42.00 49.00 OK
r-oldrel-macos-x86_64 1.8-7 OK --install=fake
r-oldrel-windows-ix86+x86_64 1.8-7 10.00 53.00 63.00 OK

Check Details

Version: 1.8-7
Check: package dependencies
Result: NOTE
    Package suggested but not available for checking: ‘XLConnect’
Flavor: r-patched-solaris-x86