CRAN Package Check Results for Package IntegratedMRF

Last updated on 2021-06-19 10:52:05 CEST.

Flavor Version Tinstall Tcheck Ttotal Status Flags
r-devel-linux-x86_64-debian-clang 1.1.9 24.71 49.33 74.04 NOTE
r-devel-linux-x86_64-debian-gcc 1.1.9 15.85 38.17 54.02 NOTE
r-devel-linux-x86_64-fedora-clang 1.1.9 104.32 NOTE
r-devel-linux-x86_64-fedora-gcc 1.1.9 87.77 NOTE
r-devel-windows-x86_64 1.1.9 31.00 92.00 123.00 OK
r-devel-windows-x86_64-gcc10-UCRT 1.1.9 OK
r-patched-linux-x86_64 1.1.9 18.52 47.40 65.92 NOTE
r-patched-solaris-x86 1.1.9 113.80 NOTE
r-release-linux-x86_64 1.1.9 19.50 47.10 66.60 NOTE
r-release-macos-arm64 1.1.9 OK
r-release-macos-x86_64 1.1.9 OK
r-release-windows-ix86+x86_64 1.1.9 53.00 106.00 159.00 OK
r-oldrel-macos-x86_64 1.1.9 OK
r-oldrel-windows-ix86+x86_64 1.1.9 41.00 98.00 139.00 OK

Check Details

Version: 1.1.9
Check: for non-standard things in the check directory
Result: NOTE
    Found the following files/directories:
     'Error_Estimation_Response_1.tiff' 'Error_Estimation_Response_2.tiff'
     'Error_Estimation_Response_3.tiff'
Flavors: r-devel-linux-x86_64-debian-clang, r-devel-linux-x86_64-debian-gcc, r-devel-linux-x86_64-fedora-clang, r-devel-linux-x86_64-fedora-gcc, r-patched-linux-x86_64, r-patched-solaris-x86, r-release-linux-x86_64