CRAN Package Check Results for Package IMaGES

Last updated on 2021-06-24 10:52:26 CEST.

Flavor Version Tinstall Tcheck Ttotal Status Flags
r-devel-linux-x86_64-debian-clang 0.1.1 103.90 107.42 211.32 OK
r-devel-linux-x86_64-debian-gcc 0.1.1 78.37 81.54 159.91 OK
r-devel-linux-x86_64-fedora-clang 0.1.1 291.72 NOTE
r-devel-linux-x86_64-fedora-gcc 0.1.1 274.43 OK
r-devel-windows-x86_64 0.1.1 125.00 133.00 258.00 OK
r-devel-windows-x86_64-gcc10-UCRT 0.1.1 ERROR
r-patched-linux-x86_64 0.1.1 91.54 102.38 193.92 OK
r-patched-solaris-x86 0.1.1 300.10 OK
r-release-linux-x86_64 0.1.1 91.21 101.73 192.94 OK
r-release-macos-arm64 0.1.1 NOTE
r-release-macos-x86_64 0.1.1 NOTE
r-release-windows-ix86+x86_64 0.1.1 182.00 173.00 355.00 OK
r-oldrel-macos-x86_64 0.1.1 NOTE

Check Details

Version: 0.1.1
Check: installed package size
Result: NOTE
     installed size is 7.8Mb
     sub-directories of 1Mb or more:
     libs 6.4Mb
Flavors: r-devel-linux-x86_64-fedora-clang, r-release-macos-arm64, r-release-macos-x86_64, r-oldrel-macos-x86_64

Version: 0.1.1
Check: package dependencies
Result: ERROR
    Package required but not available: 'Rgraphviz'
    
    See section 'The DESCRIPTION file' in the 'Writing R Extensions'
    manual.
Flavor: r-devel-windows-x86_64-gcc10-UCRT