CRAN Package Check Results for Package HDGLM

Last updated on 2021-06-24 10:52:25 CEST.

Flavor Version Tinstall Tcheck Ttotal Status Flags
r-devel-linux-x86_64-debian-clang 0.1 2.60 21.78 24.38 NOTE
r-devel-linux-x86_64-debian-gcc 0.1 1.97 17.05 19.02 NOTE
r-devel-linux-x86_64-fedora-clang 0.1 38.79 NOTE
r-devel-linux-x86_64-fedora-gcc 0.1 28.31 NOTE
r-devel-windows-x86_64 0.1 6.00 32.00 38.00 NOTE
r-devel-windows-x86_64-gcc10-UCRT 0.1 NOTE
r-patched-linux-x86_64 0.1 2.42 20.98 23.40 NOTE
r-patched-solaris-x86 0.1 45.40 NOTE
r-release-linux-x86_64 0.1 2.43 21.30 23.73 NOTE
r-release-macos-arm64 0.1 NOTE
r-release-macos-x86_64 0.1 NOTE
r-release-windows-ix86+x86_64 0.1 8.00 31.00 39.00 NOTE
r-oldrel-macos-x86_64 0.1 OK
r-oldrel-windows-ix86+x86_64 0.1 6.00 38.00 44.00 OK

Check Details

Version: 0.1
Check: LazyData
Result: NOTE
     'LazyData' is specified without a 'data' directory
Flavors: r-devel-linux-x86_64-debian-clang, r-devel-linux-x86_64-debian-gcc, r-devel-linux-x86_64-fedora-clang, r-devel-linux-x86_64-fedora-gcc, r-devel-windows-x86_64, r-devel-windows-x86_64-gcc10-UCRT, r-patched-linux-x86_64, r-patched-solaris-x86, r-release-linux-x86_64, r-release-macos-arm64, r-release-macos-x86_64, r-release-windows-ix86+x86_64

Version: 0.1
Check: compiled code
Result: NOTE
    File ‘HDGLM/libs/HDGLM.so’:
     Found no calls to: ‘R_registerRoutines’, ‘R_useDynamicSymbols’
    
    It is good practice to register native routines and to disable symbol
    search.
    
    See ‘Writing portable packages’ in the ‘Writing R Extensions’ manual.
Flavors: r-devel-linux-x86_64-fedora-clang, r-devel-linux-x86_64-fedora-gcc