CRAN Package Check Results for Package GlobalDeviance

Last updated on 2021-06-21 10:52:34 CEST.

Flavor Version Tinstall Tcheck Ttotal Status Flags
r-devel-linux-x86_64-debian-clang 0.4 2.81 26.97 29.78 NOTE
r-devel-linux-x86_64-debian-gcc 0.4 1.96 20.63 22.59 NOTE
r-devel-linux-x86_64-fedora-clang 0.4 44.05 NOTE
r-devel-linux-x86_64-fedora-gcc 0.4 34.39 NOTE
r-devel-windows-x86_64 0.4 4.00 40.00 44.00 NOTE
r-devel-windows-x86_64-gcc10-UCRT 0.4 NOTE
r-patched-linux-x86_64 0.4 2.82 26.50 29.32 NOTE
r-patched-solaris-x86 0.4 54.60 NOTE
r-release-linux-x86_64 0.4 2.46 26.38 28.84 NOTE
r-release-macos-arm64 0.4 NOTE
r-release-macos-x86_64 0.4 NOTE
r-release-windows-ix86+x86_64 0.4 4.00 42.00 46.00 NOTE
r-oldrel-macos-x86_64 0.4 NOTE
r-oldrel-windows-ix86+x86_64 0.4 4.00 41.00 45.00 NOTE

Check Details

Version: 0.4
Check: DESCRIPTION meta-information
Result: NOTE
    Malformed Description field: should contain one or more complete sentences.
Flavors: r-devel-linux-x86_64-debian-clang, r-devel-linux-x86_64-debian-gcc, r-devel-linux-x86_64-fedora-clang, r-devel-linux-x86_64-fedora-gcc, r-devel-windows-x86_64, r-devel-windows-x86_64-gcc10-UCRT, r-patched-linux-x86_64, r-patched-solaris-x86, r-release-linux-x86_64, r-release-macos-arm64, r-release-macos-x86_64, r-release-windows-ix86+x86_64, r-oldrel-macos-x86_64, r-oldrel-windows-ix86+x86_64

Version: 0.4
Check: R code for possible problems
Result: NOTE
    .nPerms: no visible global function definition for 'terms'
    expr.dev.test: no visible global function definition for 'terms'
    expr.dev.test: no visible global function definition for 'model.matrix'
    expr.dev.test: no visible global function definition for 'pchisq'
    lancaster: no visible global function definition for 'pgamma'
    liptak: no visible global function definition for 'pnorm'
    summary.dev.test : ci: no visible global function definition for
     'qnorm'
    varwiselogLik : <anonymous>: no visible global function definition for
     'deviance'
    varwiselogLik.regression: no visible global function definition for
     'glm.fit'
    Undefined global functions or variables:
     deviance glm.fit model.matrix pchisq pgamma pnorm qnorm terms
    Consider adding
     importFrom("stats", "deviance", "glm.fit", "model.matrix", "pchisq",
     "pgamma", "pnorm", "qnorm", "terms")
    to your NAMESPACE file.
Flavors: r-devel-linux-x86_64-debian-clang, r-devel-linux-x86_64-debian-gcc, r-devel-linux-x86_64-fedora-clang, r-devel-linux-x86_64-fedora-gcc, r-devel-windows-x86_64, r-devel-windows-x86_64-gcc10-UCRT, r-patched-linux-x86_64, r-patched-solaris-x86, r-release-linux-x86_64, r-release-macos-arm64, r-release-macos-x86_64, r-release-windows-ix86+x86_64, r-oldrel-macos-x86_64, r-oldrel-windows-ix86+x86_64