CRAN Package Check Results for Package GiniDistance

Last updated on 2021-06-19 10:52:02 CEST.

Flavor Version Tinstall Tcheck Ttotal Status Flags
r-devel-linux-x86_64-debian-clang 0.1.0 32.77 36.29 69.06 NOTE
r-devel-linux-x86_64-debian-gcc 0.1.0 23.39 28.04 51.43 NOTE
r-devel-linux-x86_64-fedora-clang 0.1.0 99.66 NOTE
r-devel-linux-x86_64-fedora-gcc 0.1.0 86.52 NOTE
r-devel-windows-x86_64 0.1.0 41.00 53.00 94.00 NOTE
r-devel-windows-x86_64-gcc10-UCRT 0.1.0 NOTE
r-patched-linux-x86_64 0.1.0 26.39 36.08 62.47 NOTE
r-patched-solaris-x86 0.1.0 100.50 NOTE
r-release-linux-x86_64 0.1.0 25.38 35.76 61.14 NOTE
r-release-macos-arm64 0.1.0 NOTE
r-release-macos-x86_64 0.1.0 NOTE
r-release-windows-ix86+x86_64 0.1.0 72.00 80.00 152.00 NOTE
r-oldrel-macos-x86_64 0.1.0 OK
r-oldrel-windows-ix86+x86_64 0.1.0 55.00 80.00 135.00 OK

Check Details

Version: 0.1.0
Check: LazyData
Result: NOTE
     'LazyData' is specified without a 'data' directory
Flavors: r-devel-linux-x86_64-debian-clang, r-devel-linux-x86_64-debian-gcc, r-devel-linux-x86_64-fedora-clang, r-devel-linux-x86_64-fedora-gcc, r-devel-windows-x86_64, r-devel-windows-x86_64-gcc10-UCRT, r-patched-linux-x86_64, r-patched-solaris-x86, r-release-linux-x86_64, r-release-macos-arm64, r-release-macos-x86_64, r-release-windows-ix86+x86_64