CRAN Package Check Results for Package GetTDData

Last updated on 2021-06-16 10:52:19 CEST.

Flavor Version Tinstall Tcheck Ttotal Status Flags
r-devel-linux-x86_64-debian-clang 1.4.2 2.73 41.77 44.50 NOTE
r-devel-linux-x86_64-debian-gcc 1.4.2 2.18 30.88 33.06 NOTE
r-devel-linux-x86_64-fedora-clang 1.4.2 62.23 NOTE
r-devel-linux-x86_64-fedora-gcc 1.4.2 51.62 NOTE
r-devel-windows-x86_64 1.4.2 5.00 56.00 61.00 NOTE
r-devel-windows-x86_64-gcc10-UCRT 1.4.2 NOTE
r-patched-linux-x86_64 1.4.2 2.55 38.81 41.36 NOTE
r-patched-solaris-x86 1.4.2 79.50 NOTE
r-release-linux-x86_64 1.4.2 2.20 39.03 41.23 NOTE
r-release-macos-arm64 1.4.2 NOTE
r-release-macos-x86_64 1.4.2 NOTE
r-release-windows-ix86+x86_64 1.4.2 6.00 58.00 64.00 NOTE
r-oldrel-macos-x86_64 1.4.2 NOTE
r-oldrel-windows-ix86+x86_64 1.4.2 11.00 64.00 75.00 OK

Check Details

Version: 1.4.2
Check: LazyData
Result: NOTE
     'LazyData' is specified without a 'data' directory
Flavors: r-devel-linux-x86_64-debian-clang, r-devel-linux-x86_64-debian-gcc, r-devel-linux-x86_64-fedora-clang, r-devel-linux-x86_64-fedora-gcc, r-devel-windows-x86_64, r-devel-windows-x86_64-gcc10-UCRT, r-patched-linux-x86_64, r-patched-solaris-x86, r-release-linux-x86_64, r-release-macos-arm64, r-release-macos-x86_64, r-release-windows-ix86+x86_64

Version: 1.4.2
Check: dependencies in R code
Result: NOTE
    Namespace in Imports field not imported from: ‘XML’
     All declared Imports should be used.
Flavors: r-devel-linux-x86_64-fedora-clang, r-devel-linux-x86_64-fedora-gcc, r-devel-windows-x86_64-gcc10-UCRT, r-patched-solaris-x86, r-release-macos-arm64, r-release-macos-x86_64, r-oldrel-macos-x86_64