CRAN Package Check Results for Package GWEX

Last updated on 2021-06-20 23:49:45 CEST.

Flavor Version Tinstall Tcheck Ttotal Status Flags
r-devel-linux-x86_64-debian-clang 1.0.2 5.78 39.54 45.32 OK
r-devel-linux-x86_64-debian-gcc 1.0.2 5.16 30.59 35.75 OK
r-devel-linux-x86_64-fedora-clang 1.0.2 64.56 NOTE
r-devel-linux-x86_64-fedora-gcc 1.0.2 54.11 NOTE
r-devel-windows-x86_64 1.0.2 15.00 48.00 63.00 OK
r-devel-windows-x86_64-gcc10-UCRT 1.0.2 OK
r-patched-linux-x86_64 1.0.2 6.11 38.43 44.54 OK
r-patched-solaris-x86 1.0.2 85.10 OK
r-release-linux-x86_64 1.0.2 5.56 38.58 44.14 OK
r-release-macos-arm64 1.0.2 OK
r-release-macos-x86_64 1.0.2 OK
r-release-windows-ix86+x86_64 1.0.2 18.00 84.00 102.00 OK
r-oldrel-macos-x86_64 1.0.2 OK

Check Details

Version: 1.0.2
Check: compiled code
Result: NOTE
    File ‘GWEX/libs/GWEX.so’:
     Found no calls to: ‘R_registerRoutines’, ‘R_useDynamicSymbols’
    
    It is good practice to register native routines and to disable symbol
    search.
    
    See ‘Writing portable packages’ in the ‘Writing R Extensions’ manual.
Flavors: r-devel-linux-x86_64-fedora-clang, r-devel-linux-x86_64-fedora-gcc