CRAN Package Check Results for Package GWASbyCluster

Last updated on 2021-06-17 23:49:25 CEST.

Flavor Version Tinstall Tcheck Ttotal Status Flags
r-devel-linux-x86_64-debian-clang 0.1.7 13.22 108.32 121.54 OK
r-devel-linux-x86_64-debian-gcc 0.1.7 9.92 80.95 90.87 OK
r-devel-linux-x86_64-fedora-clang 0.1.7 149.88 OK
r-devel-linux-x86_64-fedora-gcc 0.1.7 137.77 OK
r-devel-windows-x86_64 0.1.7 18.00 132.00 150.00 OK
r-devel-windows-x86_64-gcc10-UCRT 0.1.7 OK
r-patched-linux-x86_64 0.1.7 12.65 104.43 117.08 OK
r-patched-solaris-x86 0.1.7 205.20 OK
r-release-linux-x86_64 0.1.7 12.55 104.43 116.98 OK
r-release-macos-arm64 0.1.7 ERROR
r-release-macos-x86_64 0.1.7 OK
r-release-windows-ix86+x86_64 0.1.7 21.00 101.00 122.00 OK
r-oldrel-macos-x86_64 0.1.7 OK
r-oldrel-windows-ix86+x86_64 0.1.7 22.00 128.00 150.00 OK

Check Details

Version: 0.1.7
Check: package dependencies
Result: ERROR
    Package required but not available: ‘snpStats’
    
    See section ‘The DESCRIPTION file’ in the ‘Writing R Extensions’
    manual.
Flavor: r-release-macos-arm64