CRAN Package Check Results for Package GPvecchia

Last updated on 2021-06-16 10:52:20 CEST.

Flavor Version Tinstall Tcheck Ttotal Status Flags
r-devel-linux-x86_64-debian-clang 0.1.3 148.71 73.21 221.92 OK
r-devel-linux-x86_64-debian-gcc 0.1.3 92.40 46.98 139.38 OK
r-devel-linux-x86_64-fedora-clang 0.1.3 306.74 NOTE
r-devel-linux-x86_64-fedora-gcc 0.1.3 260.47 OK
r-devel-windows-x86_64 0.1.3 178.00 98.00 276.00 OK
r-devel-windows-x86_64-gcc10-UCRT 0.1.3 OK
r-patched-linux-x86_64 0.1.3 105.58 60.75 166.33 OK
r-patched-solaris-x86 0.1.3 257.90 OK
r-release-linux-x86_64 0.1.3 89.12 59.65 148.77 OK
r-release-macos-arm64 0.1.3 NOTE
r-release-macos-x86_64 0.1.3 NOTE
r-release-windows-ix86+x86_64 0.1.3 329.00 119.00 448.00 OK
r-oldrel-macos-x86_64 0.1.3 NOTE
r-oldrel-windows-ix86+x86_64 0.1.3 333.00 132.00 465.00 OK

Check Details

Version: 0.1.3
Check: installed package size
Result: NOTE
     installed size is 5.3Mb
     sub-directories of 1Mb or more:
     libs 4.8Mb
Flavors: r-devel-linux-x86_64-fedora-clang, r-release-macos-arm64, r-release-macos-x86_64, r-oldrel-macos-x86_64