CRAN Package Check Results for Package GGMncv

Last updated on 2021-06-13 23:49:07 CEST.

Flavor Version Tinstall Tcheck Ttotal Status Flags
r-devel-linux-x86_64-debian-clang 2.0.0 37.48 68.09 105.57 OK
r-devel-linux-x86_64-debian-gcc 2.0.0 25.28 51.10 76.38 OK
r-devel-linux-x86_64-fedora-clang 2.0.0 140.35 NOTE
r-devel-linux-x86_64-fedora-gcc 2.0.0 128.41 NOTE
r-devel-windows-x86_64 2.0.0 34.00 103.00 137.00 OK
r-devel-windows-x86_64-gcc10-UCRT 2.0.0 NOTE
r-patched-linux-x86_64 2.0.0 31.55 63.41 94.96 OK
r-patched-solaris-x86 2.0.0 151.60 NOTE
r-release-linux-x86_64 2.0.0 31.97 63.45 95.42 OK
r-release-macos-arm64 2.0.0 NOTE
r-release-macos-x86_64 2.0.0 NOTE
r-release-windows-ix86+x86_64 2.0.0 72.00 133.00 205.00 OK
r-oldrel-macos-x86_64 2.0.0 NOTE
r-oldrel-windows-ix86+x86_64 2.0.0 87.00 138.00 225.00 OK

Check Details

Version: 2.0.0
Check: dependencies in R code
Result: NOTE
    Namespaces in Imports field not imported from:
     ‘Rdpack’ ‘mathjaxr’
     All declared Imports should be used.
Flavors: r-devel-linux-x86_64-fedora-clang, r-devel-linux-x86_64-fedora-gcc, r-devel-windows-x86_64-gcc10-UCRT, r-patched-solaris-x86, r-release-macos-arm64, r-release-macos-x86_64, r-oldrel-macos-x86_64