CRAN Package Check Results for Package GEInter

Last updated on 2021-05-06 10:49:54 CEST.

Flavor Version Tinstall Tcheck Ttotal Status Flags
r-devel-linux-x86_64-debian-clang 0.3.0 11.91 102.79 114.70 OK
r-devel-linux-x86_64-debian-gcc 0.3.0 8.38 75.20 83.58 OK
r-devel-linux-x86_64-fedora-clang 0.3.0 140.07 NOTE
r-devel-linux-x86_64-fedora-gcc 0.3.0 129.91 NOTE
r-devel-windows-ix86+x86_64 0.3.0 24.00 127.00 151.00 OK
r-devel-windows-x86_64-gcc10-UCRT 0.3.0 NOTE
r-patched-linux-x86_64 0.3.0 10.57 95.91 106.48 OK
r-patched-solaris-x86 0.3.0 178.60 NOTE
r-release-linux-x86_64 0.3.0 11.44 94.30 105.74 OK
r-release-macos-x86_64 0.3.0 NOTE
r-release-windows-ix86+x86_64 0.3.0 15.00 91.00 106.00 OK
r-oldrel-macos-x86_64 0.3.0 NOTE
r-oldrel-windows-ix86+x86_64 0.3.0 19.00 112.00 131.00 OK

Check Details

Version: 0.3.0
Check: dependencies in R code
Result: NOTE
    Namespace in Imports field not imported from: ‘survAUC’
     All declared Imports should be used.
Flavors: r-devel-linux-x86_64-fedora-clang, r-devel-linux-x86_64-fedora-gcc, r-devel-windows-x86_64-gcc10-UCRT, r-patched-solaris-x86, r-release-macos-x86_64, r-oldrel-macos-x86_64