CRAN Package Check Results for Package GALLO

Last updated on 2021-06-13 23:49:07 CEST.

Flavor Version Tinstall Tcheck Ttotal Status Flags
r-devel-linux-x86_64-debian-clang 1.2 8.86 114.91 123.77 OK
r-devel-linux-x86_64-debian-gcc 1.2 7.05 82.94 89.99 OK
r-devel-linux-x86_64-fedora-clang 1.2 155.49 NOTE
r-devel-linux-x86_64-fedora-gcc 1.2 147.80 NOTE
r-devel-windows-x86_64 1.2 14.00 141.00 155.00 OK
r-devel-windows-x86_64-gcc10-UCRT 1.2 NOTE
r-patched-linux-x86_64 1.2 9.16 105.81 114.97 OK
r-patched-solaris-x86 1.2 158.70 WARN
r-release-linux-x86_64 1.2 6.35 106.17 112.52 OK
r-release-macos-arm64 1.2 ERROR
r-release-macos-x86_64 1.2 WARN
r-release-windows-ix86+x86_64 1.2 23.00 143.00 166.00 OK
r-oldrel-macos-x86_64 1.2 WARN
r-oldrel-windows-ix86+x86_64 1.2 36.00 140.00 176.00 OK

Check Details

Version: 1.2
Check: dependencies in R code
Result: NOTE
    Namespaces in Imports field not imported from:
     ‘DT’ ‘webshot’
     All declared Imports should be used.
Flavors: r-devel-linux-x86_64-fedora-clang, r-devel-linux-x86_64-fedora-gcc, r-devel-windows-x86_64-gcc10-UCRT, r-patched-solaris-x86, r-release-macos-x86_64, r-oldrel-macos-x86_64

Version: 1.2
Check: re-building of vignette outputs
Result: WARN
    Error(s) in re-building vignettes:
     ...
    --- re-building ‘GALLO.Rmd’ using rmarkdown
    Warning in engine$weave(file, quiet = quiet, encoding = enc) :
     Pandoc (>= 1.12.3) not available. Falling back to R Markdown v1.
    Quitting from lines 45-59 (GALLO.Rmd)
    Error: processing vignette 'GALLO.Rmd' failed with diagnostics:
    invalid 'path' argument
    --- failed re-building ‘GALLO.Rmd’
    
    SUMMARY: processing the following file failed:
     ‘GALLO.Rmd’
    
    Error: Vignette re-building failed.
    Execution halted
Flavors: r-patched-solaris-x86, r-release-macos-x86_64

Version: 1.2
Check: package dependencies
Result: ERROR
    Package required but not available: ‘rtracklayer’
    
    See section ‘The DESCRIPTION file’ in the ‘Writing R Extensions’
    manual.
Flavor: r-release-macos-arm64

Version: 1.2
Check: re-building of vignette outputs
Result: WARN
    Error(s) in re-building vignettes:
     ...
    --- re-building ‘GALLO.Rmd’ using rmarkdown
    Warning in engine$weave(file, quiet = quiet, encoding = enc) :
     Pandoc (>= 1.12.3) and/or pandoc-citeproc not available. Falling back to R Markdown v1.
    Quitting from lines 45-59 (GALLO.Rmd)
    Error: processing vignette 'GALLO.Rmd' failed with diagnostics:
    invalid 'path' argument
    --- failed re-building ‘GALLO.Rmd’
    
    SUMMARY: processing the following file failed:
     ‘GALLO.Rmd’
    
    Error: Vignette re-building failed.
    Execution halted
Flavor: r-oldrel-macos-x86_64