CRAN Package Check Results for Package GABi

Last updated on 2021-06-19 10:52:01 CEST.

Flavor Version Tinstall Tcheck Ttotal Status Flags
r-devel-linux-x86_64-debian-clang 0.1 3.10 28.18 31.28 NOTE
r-devel-linux-x86_64-debian-gcc 0.1 2.20 22.39 24.59 NOTE
r-devel-linux-x86_64-fedora-clang 0.1 48.17 NOTE
r-devel-linux-x86_64-fedora-gcc 0.1 36.62 NOTE
r-devel-windows-x86_64 0.1 5.00 39.00 44.00 NOTE
r-devel-windows-x86_64-gcc10-UCRT 0.1 NOTE
r-patched-linux-x86_64 0.1 2.40 27.76 30.16 NOTE
r-patched-solaris-x86 0.1 53.50 NOTE
r-release-linux-x86_64 0.1 2.34 27.37 29.71 NOTE
r-release-macos-arm64 0.1 NOTE
r-release-macos-x86_64 0.1 NOTE
r-release-windows-ix86+x86_64 0.1 6.00 30.00 36.00 NOTE
r-oldrel-macos-x86_64 0.1 NOTE
r-oldrel-windows-ix86+x86_64 0.1 5.00 43.00 48.00 NOTE

Check Details

Version: 0.1
Check: package dependencies
Result: NOTE
    Package suggested but not available for checking: 'ArrayBin'
Flavors: r-devel-linux-x86_64-debian-clang, r-devel-linux-x86_64-debian-gcc, r-devel-linux-x86_64-fedora-clang, r-devel-linux-x86_64-fedora-gcc, r-devel-windows-x86_64-gcc10-UCRT, r-patched-linux-x86_64, r-patched-solaris-x86, r-release-linux-x86_64, r-release-macos-arm64

Version: 0.1
Check: R code for possible problems
Result: NOTE
    crossover: no visible global function definition for 'runif'
    exchangeSols: no visible global function definition for 'runif'
    fps: no visible global function definition for 'runif'
    mutation: no visible global function definition for 'runif'
    plotBicluster: no visible global function definition for 'gray'
    plotBicluster: no visible global function definition for 'heatmap'
    reproduction: no visible global function definition for 'runif'
    Undefined global functions or variables:
     gray heatmap runif
    Consider adding
     importFrom("grDevices", "gray")
     importFrom("stats", "heatmap", "runif")
    to your NAMESPACE file.
Flavors: r-devel-linux-x86_64-debian-clang, r-devel-linux-x86_64-debian-gcc, r-devel-linux-x86_64-fedora-clang, r-devel-linux-x86_64-fedora-gcc, r-devel-windows-x86_64, r-devel-windows-x86_64-gcc10-UCRT, r-patched-linux-x86_64, r-patched-solaris-x86, r-release-linux-x86_64, r-release-macos-arm64, r-release-macos-x86_64, r-release-windows-ix86+x86_64, r-oldrel-macos-x86_64, r-oldrel-windows-ix86+x86_64