CRAN Package Check Results for Package FlickrAPI

Last updated on 2021-06-24 10:52:23 CEST.

Flavor Version Tinstall Tcheck Ttotal Status Flags
r-devel-linux-x86_64-debian-clang 0.1.0.0 2.83 31.18 34.01 NOTE
r-devel-linux-x86_64-debian-gcc 0.1.0.0 1.98 24.34 26.32 NOTE
r-devel-linux-x86_64-fedora-clang 0.1.0.0 49.71 NOTE
r-devel-linux-x86_64-fedora-gcc 0.1.0.0 40.05 NOTE
r-devel-windows-x86_64 0.1.0.0 6.00 46.00 52.00 NOTE
r-devel-windows-x86_64-gcc10-UCRT 0.1.0.0 NOTE
r-patched-linux-x86_64 0.1.0.0 2.88 30.02 32.90 NOTE
r-patched-solaris-x86 0.1.0.0 64.10 NOTE
r-release-linux-x86_64 0.1.0.0 2.65 30.03 32.68 NOTE
r-release-macos-arm64 0.1.0.0 NOTE
r-release-macos-x86_64 0.1.0.0 NOTE
r-release-windows-ix86+x86_64 0.1.0.0 7.00 41.00 48.00 NOTE
r-oldrel-macos-x86_64 0.1.0.0 NOTE

Check Details

Version: 0.1.0.0
Check: LazyData
Result: NOTE
     'LazyData' is specified without a 'data' directory
Flavors: r-devel-linux-x86_64-debian-clang, r-devel-linux-x86_64-debian-gcc, r-devel-linux-x86_64-fedora-clang, r-devel-linux-x86_64-fedora-gcc, r-devel-windows-x86_64, r-devel-windows-x86_64-gcc10-UCRT, r-patched-linux-x86_64, r-patched-solaris-x86, r-release-linux-x86_64, r-release-macos-arm64, r-release-macos-x86_64, r-release-windows-ix86+x86_64

Version: 0.1.0.0
Check: package vignettes
Result: NOTE
    Package vignette with placeholder title 'Vignette Title':
     'introduction.Rmd'
Flavors: r-devel-linux-x86_64-debian-clang, r-devel-linux-x86_64-debian-gcc, r-devel-windows-x86_64, r-patched-linux-x86_64, r-release-linux-x86_64, r-release-windows-ix86+x86_64

Version: 0.1.0.0
Check: dependencies in R code
Result: NOTE
    Namespace in Imports field not imported from: ‘magrittr’
     All declared Imports should be used.
Flavors: r-devel-linux-x86_64-fedora-clang, r-devel-linux-x86_64-fedora-gcc, r-devel-windows-x86_64-gcc10-UCRT, r-patched-solaris-x86, r-release-macos-arm64, r-release-macos-x86_64, r-oldrel-macos-x86_64