CRAN Package Check Results for Package FaultTree

Last updated on 2021-06-15 10:49:48 CEST.

Flavor Version Tinstall Tcheck Ttotal Status Flags
r-devel-linux-x86_64-debian-clang 0.99.5 160.22 35.14 195.36 OK
r-devel-linux-x86_64-debian-gcc 0.99.5 105.77 27.66 133.43 OK
r-devel-linux-x86_64-fedora-clang 0.99.5 278.51 OK
r-devel-linux-x86_64-fedora-gcc 0.99.5 242.76 OK
r-devel-windows-x86_64 0.99.5 191.00 61.00 252.00 OK
r-devel-windows-x86_64-gcc10-UCRT 0.99.5 OK
r-patched-linux-x86_64 0.99.5 119.65 34.14 153.79 OK
r-patched-solaris-x86 0.99.5 226.10 OK
r-release-linux-x86_64 0.99.5 124.76 34.13 158.89 OK
r-release-macos-arm64 0.99.5 NOTE
r-release-macos-x86_64 0.99.5 OK
r-release-windows-ix86+x86_64 0.99.5 372.00 77.00 449.00 OK
r-oldrel-macos-x86_64 0.99.5 OK
r-oldrel-windows-ix86+x86_64 0.99.5 275.00 154.00 429.00 OK

Check Details

Version: 0.99.5
Check: installed package size
Result: NOTE
     installed size is 5.2Mb
     sub-directories of 1Mb or more:
     libs 4.9Mb
Flavor: r-release-macos-arm64