CRAN Package Check Results for Package FactorsR

Last updated on 2021-06-24 10:52:22 CEST.

Flavor Version Tinstall Tcheck Ttotal Status Flags
r-devel-linux-x86_64-debian-clang 1.4 3.52 36.64 40.16 OK
r-devel-linux-x86_64-debian-gcc 1.4 3.15 28.09 31.24 OK
r-devel-linux-x86_64-fedora-clang 1.4 56.65 NOTE
r-devel-linux-x86_64-fedora-gcc 1.4 47.56 NOTE
r-devel-windows-x86_64 1.4 6.00 50.00 56.00 OK
r-devel-windows-x86_64-gcc10-UCRT 1.4 NOTE
r-patched-linux-x86_64 1.4 4.30 35.36 39.66 OK
r-patched-solaris-x86 1.4 66.90 NOTE
r-release-linux-x86_64 1.4 3.60 34.76 38.36 OK
r-release-macos-arm64 1.4 NOTE
r-release-macos-x86_64 1.4 NOTE
r-release-windows-ix86+x86_64 1.4 7.00 47.00 54.00 OK
r-oldrel-macos-x86_64 1.4 NOTE

Check Details

Version: 1.4
Check: Rd cross-references
Result: NOTE
    Undeclared package ‘SciViews’ in Rd xrefs
Flavor: r-devel-linux-x86_64-fedora-clang

Version: 1.4
Check: data for non-ASCII characters
Result: NOTE
     Note: found 5 marked Latin-1 strings
Flavors: r-devel-linux-x86_64-fedora-clang, r-devel-linux-x86_64-fedora-gcc, r-devel-windows-x86_64-gcc10-UCRT, r-patched-solaris-x86, r-release-macos-arm64, r-release-macos-x86_64, r-oldrel-macos-x86_64

Version: 1.4
Check: package dependencies
Result: NOTE
    Package suggested but not available for checking: 'car'
Flavor: r-devel-windows-x86_64-gcc10-UCRT

Version: 1.4
Check: Rd cross-references
Result: NOTE
    Package unavailable to check Rd xrefs: 'car'
Flavor: r-devel-windows-x86_64-gcc10-UCRT