CRAN Package Check Results for Package FSelector

Last updated on 2021-07-30 23:51:43 CEST.

Flavor Version Tinstall Tcheck Ttotal Status Flags
r-devel-linux-x86_64-debian-clang 0.33 OK
r-devel-linux-x86_64-debian-gcc 0.33 7.86 62.04 69.90 OK
r-devel-linux-x86_64-fedora-clang 0.33 126.10 OK
r-devel-linux-x86_64-fedora-gcc 0.33 115.52 OK
r-devel-windows-x86_64 0.33 11.00 87.00 98.00 OK
r-devel-windows-x86_64-gcc10-UCRT 0.33 OK
r-patched-linux-x86_64 0.33 OK
r-release-linux-x86_64 0.33 9.11 78.57 87.68 OK
r-release-macos-arm64 0.33 ERROR
r-release-macos-x86_64 0.33 OK
r-release-windows-ix86+x86_64 0.33 16.00 68.00 84.00 OK
r-oldrel-macos-x86_64 0.33 OK
r-oldrel-windows-ix86+x86_64 0.33 13.00 88.00 101.00 OK

Check Details

Version: 0.33
Check: whether package can be installed
Result: ERROR
    Installation failed.
Flavor: r-release-macos-arm64