CRAN Package Check Results for Package FSAdata

Last updated on 2021-07-31 10:52:13 CEST.

Flavor Version Tinstall Tcheck Ttotal Status Flags
r-devel-linux-x86_64-debian-clang 0.3.8 5.85 40.07 45.92 OK
r-devel-linux-x86_64-debian-gcc 0.3.8 3.84 31.00 34.84 OK
r-devel-linux-x86_64-fedora-clang 0.3.8 63.72 NOTE
r-devel-linux-x86_64-fedora-gcc 0.3.8 52.56 OK
r-devel-windows-x86_64 0.3.8 8.00 66.00 74.00 OK
r-devel-windows-x86_64-gcc10-UCRT 0.3.8 OK
r-patched-linux-x86_64 0.3.8 OK
r-patched-solaris-x86 0.3.8 72.60 OK
r-release-linux-x86_64 0.3.8 5.12 38.40 43.52 OK
r-release-macos-arm64 0.3.8 OK
r-release-macos-x86_64 0.3.8 OK
r-release-windows-ix86+x86_64 0.3.8 7.00 49.00 56.00 OK
r-oldrel-macos-x86_64 0.3.8 OK
r-oldrel-windows-ix86+x86_64 0.3.8 9.00 68.00 77.00 OK

Check Details

Version: 0.3.8
Check: Rd cross-references
Result: NOTE
    Undeclared package ‘FSA’ in Rd xrefs
Flavor: r-devel-linux-x86_64-fedora-clang