CRAN Package Check Results for Package FKSUM

Last updated on 2021-06-17 23:49:23 CEST.

Flavor Version Tinstall Tcheck Ttotal Status Flags
r-devel-linux-x86_64-debian-clang 0.1.4 49.21 80.36 129.57 NOTE
r-devel-linux-x86_64-debian-gcc 0.1.4 34.17 61.32 95.49 NOTE
r-devel-linux-x86_64-fedora-clang 0.1.4 174.59 NOTE
r-devel-linux-x86_64-fedora-gcc 0.1.4 157.78 NOTE
r-devel-windows-x86_64 0.1.4 68.00 109.00 177.00 NOTE
r-devel-windows-x86_64-gcc10-UCRT 0.1.4 NOTE
r-patched-linux-x86_64 0.1.4 39.62 78.61 118.23 NOTE
r-patched-solaris-x86 0.1.4 198.70 NOTE
r-release-linux-x86_64 0.1.4 39.28 77.06 116.34 NOTE
r-release-macos-arm64 0.1.4 NOTE
r-release-macos-x86_64 0.1.4 NOTE
r-release-windows-ix86+x86_64 0.1.4 122.00 115.00 237.00 NOTE
r-oldrel-macos-x86_64 0.1.4 OK
r-oldrel-windows-ix86+x86_64 0.1.4 98.00 156.00 254.00 OK

Check Details

Version: 0.1.4
Check: LazyData
Result: NOTE
     'LazyData' is specified without a 'data' directory
Flavors: r-devel-linux-x86_64-debian-clang, r-devel-linux-x86_64-debian-gcc, r-devel-linux-x86_64-fedora-clang, r-devel-linux-x86_64-fedora-gcc, r-devel-windows-x86_64, r-devel-windows-x86_64-gcc10-UCRT, r-patched-linux-x86_64, r-patched-solaris-x86, r-release-linux-x86_64, r-release-macos-arm64, r-release-macos-x86_64, r-release-windows-ix86+x86_64