CRAN Package Check Results for Package ExactCIdiff

Last updated on 2021-06-19 23:49:18 CEST.

Flavor Version Tinstall Tcheck Ttotal Status Flags
r-devel-linux-x86_64-debian-clang 1.3 2.93 27.02 29.95 NOTE
r-devel-linux-x86_64-debian-gcc 1.3 2.57 20.83 23.40 NOTE
r-devel-linux-x86_64-fedora-clang 1.3 46.58 NOTE
r-devel-linux-x86_64-fedora-gcc 1.3 36.28 NOTE
r-devel-windows-x86_64 1.3 5.00 37.00 42.00 NOTE
r-devel-windows-x86_64-gcc10-UCRT 1.3 NOTE
r-patched-linux-x86_64 1.3 3.14 26.59 29.73 NOTE
r-patched-solaris-x86 1.3 51.90 NOTE
r-release-linux-x86_64 1.3 3.75 26.45 30.20 NOTE
r-release-macos-arm64 1.3 NOTE
r-release-macos-x86_64 1.3 NOTE
r-release-windows-ix86+x86_64 1.3 5.00 27.00 32.00 NOTE
r-oldrel-macos-x86_64 1.3 NOTE
r-oldrel-windows-ix86+x86_64 1.3 5.00 36.00 41.00 NOTE

Check Details

Version: 1.3
Check: R code for possible problems
Result: NOTE
    BinomialCIone: no visible global function definition for 'na.omit'
    PairedCIone: no visible global function definition for 'na.omit'
    Undefined global functions or variables:
     na.omit
    Consider adding
     importFrom("stats", "na.omit")
    to your NAMESPACE file.
Flavors: r-devel-linux-x86_64-debian-clang, r-devel-linux-x86_64-debian-gcc, r-devel-linux-x86_64-fedora-clang, r-devel-linux-x86_64-fedora-gcc, r-devel-windows-x86_64, r-devel-windows-x86_64-gcc10-UCRT, r-patched-linux-x86_64, r-patched-solaris-x86, r-release-linux-x86_64, r-release-macos-arm64, r-release-macos-x86_64, r-release-windows-ix86+x86_64, r-oldrel-macos-x86_64, r-oldrel-windows-ix86+x86_64