CRAN Package Check Results for Package EditImputeCont

Last updated on 2021-06-19 10:52:00 CEST.

Flavor Version Tinstall Tcheck Ttotal Status Flags
r-devel-linux-x86_64-debian-clang 1.1.6 95.53 48.73 144.26 OK
r-devel-linux-x86_64-debian-gcc 1.1.6 63.62 37.90 101.52 OK
r-devel-linux-x86_64-fedora-clang 1.1.6 203.77 NOTE
r-devel-linux-x86_64-fedora-gcc 1.1.6 171.22 OK
r-devel-windows-x86_64 1.1.6 166.00 84.00 250.00 OK
r-devel-windows-x86_64-gcc10-UCRT 1.1.6 OK
r-patched-linux-x86_64 1.1.6 74.90 48.42 123.32 OK
r-patched-solaris-x86 1.1.6 190.70 OK
r-release-linux-x86_64 1.1.6 72.84 47.53 120.37 OK
r-release-macos-arm64 1.1.6 NOTE
r-release-macos-x86_64 1.1.6 NOTE
r-release-windows-ix86+x86_64 1.1.6 307.00 81.00 388.00 OK
r-oldrel-macos-x86_64 1.1.6 NOTE
r-oldrel-windows-ix86+x86_64 1.1.6 228.00 113.00 341.00 OK

Additional issues

gcc11 gcc11

Check Details

Version: 1.1.6
Check: installed package size
Result: NOTE
     installed size is 7.0Mb
     sub-directories of 1Mb or more:
     libs 6.8Mb
Flavors: r-devel-linux-x86_64-fedora-clang, r-release-macos-arm64, r-release-macos-x86_64, r-oldrel-macos-x86_64