CRAN Package Check Results for Package EasyABC

Last updated on 2021-06-24 10:52:21 CEST.

Flavor Version Tinstall Tcheck Ttotal Status Flags
r-devel-linux-x86_64-debian-clang 1.5 19.39 108.67 128.06 OK
r-devel-linux-x86_64-debian-gcc 1.5 15.68 81.87 97.55 OK
r-devel-linux-x86_64-fedora-clang 1.5 160.51 NOTE
r-devel-linux-x86_64-fedora-gcc 1.5 151.52 NOTE
r-devel-windows-x86_64 1.5 27.00 132.00 159.00 OK
r-devel-windows-x86_64-gcc10-UCRT 1.5 OK
r-patched-linux-x86_64 1.5 16.68 105.35 122.03 OK
r-patched-solaris-x86 1.5 205.00 OK
r-release-linux-x86_64 1.5 16.26 103.75 120.01 OK
r-release-macos-arm64 1.5 OK
r-release-macos-x86_64 1.5 OK
r-release-windows-ix86+x86_64 1.5 27.00 150.00 177.00 OK
r-oldrel-macos-x86_64 1.5 OK

Check Details

Version: 1.5
Check: compiled code
Result: NOTE
    File ‘EasyABC/libs/EasyABC.so’:
     Found no calls to: ‘R_registerRoutines’, ‘R_useDynamicSymbols’
    
    It is good practice to register native routines and to disable symbol
    search.
    
    See ‘Writing portable packages’ in the ‘Writing R Extensions’ manual.
Flavors: r-devel-linux-x86_64-fedora-clang, r-devel-linux-x86_64-fedora-gcc