CRAN Package Check Results for Package DysPIA

Last updated on 2021-06-17 23:49:21 CEST.

Flavor Version Tinstall Tcheck Ttotal Status Flags
r-devel-linux-x86_64-debian-clang 1.3 28.60 47.02 75.62 OK
r-devel-linux-x86_64-debian-gcc 1.3 16.19 36.63 52.82 OK
r-devel-linux-x86_64-fedora-clang 1.3 100.09 NOTE
r-devel-linux-x86_64-fedora-gcc 1.3 83.28 OK
r-devel-windows-x86_64 1.3 31.00 57.00 88.00 OK
r-devel-windows-x86_64-gcc10-UCRT 1.3 OK
r-patched-linux-x86_64 1.3 20.44 45.06 65.50 OK
r-patched-solaris-x86 1.3 114.50 OK
r-release-linux-x86_64 1.3 18.58 45.25 63.83 OK
r-release-macos-arm64 1.3 ERROR
r-release-macos-x86_64 1.3 NOTE
r-release-windows-ix86+x86_64 1.3 54.00 102.00 156.00 NOTE
r-oldrel-macos-x86_64 1.3 NOTE
r-oldrel-windows-ix86+x86_64 1.3 47.00 101.00 148.00 NOTE

Check Details

Version: 1.3
Check: installed package size
Result: NOTE
     installed size is 5.1Mb
     sub-directories of 1Mb or more:
     data 4.0Mb
     libs 1.0Mb
Flavors: r-devel-linux-x86_64-fedora-clang, r-release-macos-x86_64, r-release-windows-ix86+x86_64, r-oldrel-macos-x86_64, r-oldrel-windows-ix86+x86_64

Version: 1.3
Check: package dependencies
Result: ERROR
    Package required but not available: ‘BiocParallel’
    
    See section ‘The DESCRIPTION file’ in the ‘Writing R Extensions’
    manual.
Flavor: r-release-macos-arm64