CRAN Package Check Results for Package DiversityOccupancy

Last updated on 2021-06-20 23:49:41 CEST.

Flavor Version Tinstall Tcheck Ttotal Status Flags
r-devel-linux-x86_64-debian-clang 1.0.6 19.02 195.31 214.33 OK
r-devel-linux-x86_64-debian-gcc 1.0.6 16.36 148.99 165.35 OK
r-devel-linux-x86_64-fedora-clang 1.0.6 261.45 OK
r-devel-linux-x86_64-fedora-gcc 1.0.6 250.58 OK
r-devel-windows-x86_64 1.0.6 34.00 220.00 254.00 OK
r-devel-windows-x86_64-gcc10-UCRT 1.0.6 OK
r-patched-linux-x86_64 1.0.6 19.58 179.50 199.08 OK
r-patched-solaris-x86 1.0.6 346.50 OK
r-release-linux-x86_64 1.0.6 18.91 184.02 202.93 OK
r-release-macos-arm64 1.0.6 ERROR
r-release-macos-x86_64 1.0.6 OK
r-release-windows-ix86+x86_64 1.0.6 48.00 215.00 263.00 OK
r-oldrel-macos-x86_64 1.0.6 OK

Check Details

Version: 1.0.6
Check: package dependencies
Result: NOTE
    Package suggested but not available for checking: ‘rgdal’
Flavor: r-release-macos-arm64

Version: 1.0.6
Check: whether package can be installed
Result: ERROR
    Installation failed.
Flavor: r-release-macos-arm64