CRAN Package Check Results for Package DirectEffects

Last updated on 2021-06-24 10:52:20 CEST.

Flavor Version Tinstall Tcheck Ttotal Status Flags
r-devel-linux-x86_64-debian-clang 0.2.1 3.10 46.33 49.43 OK
r-devel-linux-x86_64-debian-gcc 0.2.1 2.51 36.77 39.28 OK
r-devel-linux-x86_64-fedora-clang 0.2.1 68.22 NOTE
r-devel-linux-x86_64-fedora-gcc 0.2.1 58.76 NOTE
r-devel-windows-x86_64 0.2.1 5.00 62.00 67.00 OK
r-devel-windows-x86_64-gcc10-UCRT 0.2.1 NOTE
r-patched-linux-x86_64 0.2.1 3.40 45.43 48.83 OK
r-patched-solaris-x86 0.2.1 81.70 NOTE
r-release-linux-x86_64 0.2.1 2.44 45.17 47.61 OK
r-release-macos-arm64 0.2.1 NOTE
r-release-macos-x86_64 0.2.1 NOTE
r-release-windows-ix86+x86_64 0.2.1 6.00 47.00 53.00 OK
r-oldrel-macos-x86_64 0.2.1 NOTE

Check Details

Version: 0.2.1
Check: dependencies in R code
Result: NOTE
    Namespace in Imports field not imported from: ‘sandwich’
     All declared Imports should be used.
Flavors: r-devel-linux-x86_64-fedora-clang, r-devel-linux-x86_64-fedora-gcc, r-devel-windows-x86_64-gcc10-UCRT, r-patched-solaris-x86, r-release-macos-arm64, r-release-macos-x86_64, r-oldrel-macos-x86_64