CRAN Package Check Results for Package Dire

Last updated on 2021-06-22 23:50:30 CEST.

Flavor Version Tinstall Tcheck Ttotal Status Flags
r-devel-linux-x86_64-debian-clang 1.0.3 48.03 269.63 317.66 OK
r-devel-linux-x86_64-debian-gcc 1.0.3 28.33 187.61 215.94 OK
r-devel-linux-x86_64-fedora-clang 1.0.3 376.37 OK
r-devel-linux-x86_64-fedora-gcc 1.0.3 371.76 OK
r-devel-windows-x86_64 1.0.3 53.00 316.00 369.00 OK
r-devel-windows-x86_64-gcc10-UCRT 1.0.3 NOTE
r-patched-linux-x86_64 1.0.3 35.51 253.95 289.46 OK
r-patched-solaris-x86 1.0.3 457.50 OK
r-release-linux-x86_64 1.0.3 32.92 252.76 285.68 OK
r-release-macos-arm64 1.0.3 OK
r-release-macos-x86_64 1.0.3 OK
r-release-windows-ix86+x86_64 1.0.3 71.00 411.00 482.00 OK
r-oldrel-macos-x86_64 1.0.3 OK

Check Details

Version: 1.0.3
Check: package dependencies
Result: NOTE
    Package suggested but not available for checking: 'EdSurvey'
Flavor: r-devel-windows-x86_64-gcc10-UCRT