CRAN Package Check Results for Package DetR

Last updated on 2021-05-12 10:51:36 CEST.

Flavor Version Tinstall Tcheck Ttotal Status Flags
r-devel-linux-x86_64-debian-clang 0.0.5 54.54 38.27 92.81 OK
r-devel-linux-x86_64-debian-gcc 0.0.5 39.08 32.17 71.25 OK
r-devel-linux-x86_64-fedora-clang 0.0.5 149.04 NOTE
r-devel-linux-x86_64-fedora-gcc 0.0.5 128.59 OK
r-devel-windows-ix86+x86_64 0.0.5 85.00 82.00 167.00 OK
r-devel-windows-x86_64-gcc10-UCRT 0.0.5 OK
r-patched-linux-x86_64 0.0.5 51.98 40.21 92.19 OK
r-patched-solaris-x86 0.0.5 114.80 OK
r-release-linux-x86_64 0.0.5 48.79 38.80 87.59 OK
r-release-macos-x86_64 0.0.5 NOTE
r-release-windows-ix86+x86_64 0.0.5 89.00 66.00 155.00 OK
r-oldrel-macos-x86_64 0.0.5 NOTE
r-oldrel-windows-ix86+x86_64 0.0.5 102.00 5.00 107.00 ERROR

Check Details

Version: 0.0.5
Check: installed package size
Result: NOTE
     installed size is 18.3Mb
     sub-directories of 1Mb or more:
     libs 17.5Mb
Flavors: r-devel-linux-x86_64-fedora-clang, r-release-macos-x86_64, r-oldrel-macos-x86_64

Version: 0.0.5
Check: whether package can be installed
Result: ERROR
    Installation failed.
Flavor: r-oldrel-windows-ix86+x86_64