CRAN Package Check Results for Package DetMCD

Last updated on 2021-05-11 23:50:38 CEST.

Flavor Version Tinstall Tcheck Ttotal Status Flags
r-devel-linux-x86_64-debian-clang 0.0.5 32.93 28.00 60.93 OK
r-devel-linux-x86_64-debian-gcc 0.0.5 25.13 23.15 48.28 OK
r-devel-linux-x86_64-fedora-clang 0.0.5 103.66 NOTE
r-devel-linux-x86_64-fedora-gcc 0.0.5 83.33 OK
r-devel-windows-ix86+x86_64 0.0.5 54.00 68.00 122.00 OK
r-devel-windows-x86_64-gcc10-UCRT 0.0.5 OK
r-patched-linux-x86_64 0.0.5 30.95 29.80 60.75 OK
r-patched-solaris-x86 0.0.5 81.30 OK
r-release-linux-x86_64 0.0.5 30.38 28.41 58.79 OK
r-release-macos-x86_64 0.0.5 NOTE
r-release-windows-ix86+x86_64 0.0.5 55.00 54.00 109.00 OK
r-oldrel-macos-x86_64 0.0.5 NOTE
r-oldrel-windows-ix86+x86_64 0.0.5 62.00 4.00 66.00 ERROR

Check Details

Version: 0.0.5
Check: installed package size
Result: NOTE
     installed size is 10.8Mb
     sub-directories of 1Mb or more:
     libs 10.7Mb
Flavors: r-devel-linux-x86_64-fedora-clang, r-release-macos-x86_64, r-oldrel-macos-x86_64

Version: 0.0.5
Check: whether package can be installed
Result: ERROR
    Installation failed.
Flavor: r-oldrel-windows-ix86+x86_64