CRAN Package Check Results for Package CovidMutations

Last updated on 2021-06-24 10:52:19 CEST.

Flavor Version Tinstall Tcheck Ttotal Status Flags
r-devel-linux-x86_64-debian-clang 0.1.3 10.54 103.15 113.69 OK
r-devel-linux-x86_64-debian-gcc 0.1.3 7.38 76.46 83.84 OK
r-devel-linux-x86_64-fedora-clang 0.1.3 138.54 OK
r-devel-linux-x86_64-fedora-gcc 0.1.3 128.82 OK
r-devel-windows-x86_64 0.1.3 16.00 118.00 134.00 OK
r-devel-windows-x86_64-gcc10-UCRT 0.1.3 ERROR
r-patched-linux-x86_64 0.1.3 9.18 95.08 104.26 OK
r-patched-solaris-x86 0.1.3 189.90 OK
r-release-linux-x86_64 0.1.3 8.21 94.98 103.19 OK
r-release-macos-arm64 0.1.3 OK
r-release-macos-x86_64 0.1.3 OK
r-release-windows-ix86+x86_64 0.1.3 17.00 92.00 109.00 OK
r-oldrel-macos-x86_64 0.1.3 OK

Check Details

Version: 0.1.3
Check: package dependencies
Result: ERROR
    Package required but not available: 'ggpubr'
    
    See section 'The DESCRIPTION file' in the 'Writing R Extensions'
    manual.
Flavor: r-devel-windows-x86_64-gcc10-UCRT