CRAN Package Check Results for Package Conake

Last updated on 2021-06-21 10:52:29 CEST.

Flavor Version Tinstall Tcheck Ttotal Status Flags
r-devel-linux-x86_64-debian-clang 1.0 2.18 21.84 24.02 NOTE
r-devel-linux-x86_64-debian-gcc 1.0 1.67 16.73 18.40 NOTE
r-devel-linux-x86_64-fedora-clang 1.0 38.05 NOTE
r-devel-linux-x86_64-fedora-gcc 1.0 27.49 NOTE
r-devel-windows-x86_64 1.0 3.00 31.00 34.00 NOTE
r-devel-windows-x86_64-gcc10-UCRT 1.0 NOTE
r-patched-linux-x86_64 1.0 2.07 20.70 22.77 NOTE
r-patched-solaris-x86 1.0 42.40 NOTE
r-release-linux-x86_64 1.0 2.08 20.63 22.71 NOTE
r-release-macos-arm64 1.0 NOTE
r-release-macos-x86_64 1.0 NOTE
r-release-windows-ix86+x86_64 1.0 4.00 24.00 28.00 NOTE
r-oldrel-macos-x86_64 1.0 NOTE
r-oldrel-windows-ix86+x86_64 1.0 4.00 31.00 35.00 NOTE

Check Details

Version: 1.0
Check: R code for possible problems
Result: NOTE
    kef: no visible global function definition for 'dgamma'
    kef: no visible global function definition for 'dlnorm'
    simp_int: no visible global function definition for 'approx'
    Undefined global functions or variables:
     approx dgamma dlnorm
    Consider adding
     importFrom("stats", "approx", "dgamma", "dlnorm")
    to your NAMESPACE file.
Flavors: r-devel-linux-x86_64-debian-clang, r-devel-linux-x86_64-debian-gcc, r-devel-linux-x86_64-fedora-clang, r-devel-linux-x86_64-fedora-gcc, r-devel-windows-x86_64, r-devel-windows-x86_64-gcc10-UCRT, r-patched-linux-x86_64, r-patched-solaris-x86, r-release-linux-x86_64, r-release-macos-arm64, r-release-macos-x86_64, r-release-windows-ix86+x86_64, r-oldrel-macos-x86_64, r-oldrel-windows-ix86+x86_64