CRAN Package Check Results for Package CautiousLearning

Last updated on 2021-06-17 23:49:18 CEST.

Flavor Version Tinstall Tcheck Ttotal Status Flags
r-devel-linux-x86_64-debian-clang 1.0.1 20.57 32.08 52.65 OK
r-devel-linux-x86_64-debian-gcc 1.0.1 14.84 24.63 39.47 OK
r-devel-linux-x86_64-fedora-clang 1.0.1 79.43 NOTE
r-devel-linux-x86_64-fedora-gcc 1.0.1 63.18 OK
r-devel-windows-x86_64 1.0.1 28.00 45.00 73.00 OK
r-devel-windows-x86_64-gcc10-UCRT 1.0.1 OK
r-patched-linux-x86_64 1.0.1 18.78 30.18 48.96 OK
r-patched-solaris-x86 1.0.1 91.20 OK
r-release-linux-x86_64 1.0.1 17.48 29.81 47.29 OK
r-release-macos-arm64 1.0.1 OK
r-release-macos-x86_64 1.0.1 OK
r-release-windows-ix86+x86_64 1.0.1 53.00 71.00 124.00 OK
r-oldrel-macos-x86_64 1.0.1 OK
r-oldrel-windows-ix86+x86_64 1.0.1 42.00 73.00 115.00 OK

Check Details

Version: 1.0.1
Check: Rd cross-references
Result: NOTE
    Undeclared package ‘sitmo’ in Rd xrefs
Flavor: r-devel-linux-x86_64-fedora-clang