CRAN Package Check Results for Package CateSelection

Last updated on 2021-06-21 10:52:28 CEST.

Flavor Version Tinstall Tcheck Ttotal Status Flags
r-devel-linux-x86_64-debian-clang 1.0 2.72 41.75 44.47 NOTE
r-devel-linux-x86_64-debian-gcc 1.0 1.96 31.76 33.72 NOTE
r-devel-linux-x86_64-fedora-clang 1.0 61.55 NOTE
r-devel-linux-x86_64-fedora-gcc 1.0 52.03 NOTE
r-devel-windows-x86_64 1.0 6.00 57.00 63.00 NOTE
r-devel-windows-x86_64-gcc10-UCRT 1.0 NOTE
r-patched-linux-x86_64 1.0 2.34 40.07 42.41 NOTE
r-patched-solaris-x86 1.0 70.30 NOTE
r-release-linux-x86_64 1.0 2.77 40.28 43.05 NOTE
r-release-macos-arm64 1.0 NOTE
r-release-macos-x86_64 1.0 NOTE
r-release-windows-ix86+x86_64 1.0 5.00 42.00 47.00 NOTE
r-oldrel-macos-x86_64 1.0 NOTE
r-oldrel-windows-ix86+x86_64 1.0 6.00 58.00 64.00 NOTE

Check Details

Version: 1.0
Check: R code for possible problems
Result: NOTE
    MDR.high.forward1: no visible global function definition for 'combn'
    MDR.sing.mod1: no visible global function definition for 'combn'
    MDR.sing.mod1: no visible global function definition for
     'complete.cases'
    MDR.sing.mod1: no visible global function definition for 'lm'
    MDR.sing.mod1: no visible global function definition for 'aov'
    MDR.sing.mod1: no visible global function definition for 'anova'
    MDR.stage.forward1: no visible global function definition for 'combn'
    MDR.stage.forward1: no visible global function definition for
     'complete.cases'
    MDR.stage.forward1: no visible global function definition for 'lm'
    MDR.stage.forward1: no visible global function definition for 'resid'
    MDR.stage.forward1: no visible global function definition for 'pf'
    MDR_forward1: no visible global function definition for
     'complete.cases'
    MDR_forward1: no visible global function definition for 'lm'
    MDR_forward1: no visible global function definition for 'aov'
    low.anova: no visible global function definition for 'complete.cases'
    low.anova: no visible global function definition for 'lm'
    sing.mod1: no visible global function definition for 'combn'
    sing.mod1: no visible global function definition for 'complete.cases'
    sing.mod1: no visible global function definition for 'lm'
    sing.mod1: no visible global function definition for 'pf'
    Undefined global functions or variables:
     anova aov combn complete.cases lm pf resid
    Consider adding
     importFrom("stats", "anova", "aov", "complete.cases", "lm", "pf",
     "resid")
     importFrom("utils", "combn")
    to your NAMESPACE file.
Flavors: r-devel-linux-x86_64-debian-clang, r-devel-linux-x86_64-debian-gcc, r-devel-linux-x86_64-fedora-clang, r-devel-linux-x86_64-fedora-gcc, r-devel-windows-x86_64, r-devel-windows-x86_64-gcc10-UCRT, r-patched-linux-x86_64, r-patched-solaris-x86, r-release-linux-x86_64, r-release-macos-arm64, r-release-macos-x86_64, r-release-windows-ix86+x86_64, r-oldrel-macos-x86_64, r-oldrel-windows-ix86+x86_64