CRAN Package Check Results for Package CVcalibration

Last updated on 2021-06-24 10:52:19 CEST.

Flavor Version Tinstall Tcheck Ttotal Status Flags
r-devel-linux-x86_64-debian-clang 1.0-1 2.17 21.46 23.63 NOTE
r-devel-linux-x86_64-debian-gcc 1.0-1 1.68 16.90 18.58 NOTE
r-devel-linux-x86_64-fedora-clang 1.0-1 37.78 NOTE
r-devel-linux-x86_64-fedora-gcc 1.0-1 27.68 NOTE
r-devel-windows-x86_64 1.0-1 4.00 32.00 36.00 NOTE
r-devel-windows-x86_64-gcc10-UCRT 1.0-1 NOTE
r-patched-linux-x86_64 1.0-1 2.38 20.84 23.22 NOTE
r-patched-solaris-x86 1.0-1 43.20 NOTE
r-release-linux-x86_64 1.0-1 2.21 21.17 23.38 NOTE
r-release-macos-arm64 1.0-1 NOTE
r-release-macos-x86_64 1.0-1 NOTE
r-release-windows-ix86+x86_64 1.0-1 4.00 26.00 30.00 NOTE
r-oldrel-macos-x86_64 1.0-1 NOTE
r-oldrel-windows-ix86+x86_64 1.0-1 4.00 32.00 36.00 NOTE

Check Details

Version: 1.0-1
Check: DESCRIPTION meta-information
Result: NOTE
    Malformed Description field: should contain one or more complete sentences.
Flavors: r-devel-linux-x86_64-debian-clang, r-devel-linux-x86_64-debian-gcc, r-devel-linux-x86_64-fedora-clang, r-devel-linux-x86_64-fedora-gcc, r-devel-windows-x86_64, r-devel-windows-x86_64-gcc10-UCRT, r-patched-linux-x86_64, r-patched-solaris-x86, r-release-linux-x86_64, r-release-macos-arm64, r-release-macos-x86_64, r-release-windows-ix86+x86_64, r-oldrel-macos-x86_64, r-oldrel-windows-ix86+x86_64

Version: 1.0-1
Check: R code for possible problems
Result: NOTE
    calfun: no visible global function definition for 'optim'
    calfun: no visible global function definition for 'cov'
    calfun: no visible global function definition for 'var'
    Undefined global functions or variables:
     cov optim var
    Consider adding
     importFrom("stats", "cov", "optim", "var")
    to your NAMESPACE file.
Flavors: r-devel-linux-x86_64-debian-clang, r-devel-linux-x86_64-debian-gcc, r-devel-linux-x86_64-fedora-clang, r-devel-linux-x86_64-fedora-gcc, r-devel-windows-x86_64, r-devel-windows-x86_64-gcc10-UCRT, r-patched-linux-x86_64, r-patched-solaris-x86, r-release-linux-x86_64, r-release-macos-arm64, r-release-macos-x86_64, r-release-windows-ix86+x86_64, r-oldrel-macos-x86_64, r-oldrel-windows-ix86+x86_64