CRAN Package Check Results for Package CSGo

Last updated on 2021-06-16 10:52:15 CEST.

Flavor Version Tinstall Tcheck Ttotal Status Flags
r-devel-linux-x86_64-debian-clang 0.6.7 2.65 28.70 31.35 OK
r-devel-linux-x86_64-debian-gcc 0.6.7 2.02 23.11 25.13 OK
r-devel-linux-x86_64-fedora-clang 0.6.7 47.20 NOTE
r-devel-linux-x86_64-fedora-gcc 0.6.7 37.01 NOTE
r-devel-windows-x86_64 0.6.7 6.00 44.00 50.00 OK
r-devel-windows-x86_64-gcc10-UCRT 0.6.7 NOTE
r-patched-linux-x86_64 0.6.7 2.48 27.85 30.33 OK
r-patched-solaris-x86 0.6.7 58.20 NOTE
r-release-linux-x86_64 0.6.7 2.16 27.87 30.03 OK
r-release-macos-arm64 0.6.7 NOTE
r-release-macos-x86_64 0.6.7 NOTE
r-release-windows-ix86+x86_64 0.6.7 7.00 46.00 53.00 OK
r-oldrel-macos-x86_64 0.6.7 NOTE
r-oldrel-windows-ix86+x86_64 0.6.7 7.00 50.00 57.00 OK

Check Details

Version: 0.6.7
Check: dependencies in R code
Result: NOTE
    Namespaces in Imports field not imported from:
     ‘extrafont’ ‘future’
     All declared Imports should be used.
Flavors: r-devel-linux-x86_64-fedora-clang, r-devel-linux-x86_64-fedora-gcc, r-devel-windows-x86_64-gcc10-UCRT, r-patched-solaris-x86, r-release-macos-arm64, r-release-macos-x86_64, r-oldrel-macos-x86_64