CRAN Package Check Results for Package CRWRM

Last updated on 2021-06-23 23:50:31 CEST.

Flavor Version Tinstall Tcheck Ttotal Status Flags
r-devel-linux-x86_64-debian-clang 0.0.1 1.98 20.35 22.33 NOTE
r-devel-linux-x86_64-debian-gcc 0.0.1 1.47 16.37 17.84 NOTE
r-devel-linux-x86_64-fedora-clang 0.0.1 36.75 NOTE
r-devel-linux-x86_64-fedora-gcc 0.0.1 26.26 NOTE
r-devel-windows-x86_64 0.0.1 4.00 31.00 35.00 NOTE
r-devel-windows-x86_64-gcc10-UCRT 0.0.1 NOTE
r-patched-linux-x86_64 0.0.1 1.83 19.80 21.63 NOTE
r-patched-solaris-x86 0.0.1 40.30 NOTE
r-release-linux-x86_64 0.0.1 1.78 19.71 21.49 NOTE
r-release-macos-arm64 0.0.1 NOTE
r-release-macos-x86_64 0.0.1 NOTE
r-release-windows-ix86+x86_64 0.0.1 4.00 24.00 28.00 NOTE
r-oldrel-macos-x86_64 0.0.1 OK
r-oldrel-windows-ix86+x86_64 0.0.1 5.00 32.00 37.00 OK

Check Details

Version: 0.0.1
Check: LazyData
Result: NOTE
     'LazyData' is specified without a 'data' directory
Flavors: r-devel-linux-x86_64-debian-clang, r-devel-linux-x86_64-debian-gcc, r-devel-linux-x86_64-fedora-clang, r-devel-linux-x86_64-fedora-gcc, r-devel-windows-x86_64, r-devel-windows-x86_64-gcc10-UCRT, r-patched-linux-x86_64, r-patched-solaris-x86, r-release-linux-x86_64, r-release-macos-arm64, r-release-macos-x86_64, r-release-windows-ix86+x86_64