CRAN Package Check Results for Package CRANsearcher

Last updated on 2021-06-23 10:51:19 CEST.

Flavor Version Tinstall Tcheck Ttotal Status Flags
r-devel-linux-x86_64-debian-clang 1.0.0 7.50 57.25 64.75 OK
r-devel-linux-x86_64-debian-gcc 1.0.0 6.29 43.53 49.82 OK
r-devel-linux-x86_64-fedora-clang 1.0.0 87.55 NOTE
r-devel-linux-x86_64-fedora-gcc 1.0.0 74.20 NOTE
r-devel-windows-x86_64 1.0.0 13.00 74.00 87.00 OK
r-devel-windows-x86_64-gcc10-UCRT 1.0.0 ERROR
r-patched-linux-x86_64 1.0.0 7.59 53.52 61.11 OK
r-patched-solaris-x86 1.0.0 110.80 NOTE
r-release-linux-x86_64 1.0.0 6.05 53.72 59.77 OK
r-release-macos-arm64 1.0.0 NOTE
r-release-macos-x86_64 1.0.0 NOTE
r-release-windows-ix86+x86_64 1.0.0 14.00 53.00 67.00 OK
r-oldrel-macos-x86_64 1.0.0 NOTE

Check Details

Version: 1.0.0
Check: data for non-ASCII characters
Result: NOTE
     Note: found 11 marked Latin-1 strings
     Note: found 57 marked UTF-8 strings
Flavors: r-devel-linux-x86_64-fedora-clang, r-devel-linux-x86_64-fedora-gcc, r-patched-solaris-x86, r-release-macos-arm64, r-release-macos-x86_64, r-oldrel-macos-x86_64

Version: 1.0.0
Check: package dependencies
Result: ERROR
    Package required but not available: 'curl'
    
    See section 'The DESCRIPTION file' in the 'Writing R Extensions'
    manual.
Flavor: r-devel-windows-x86_64-gcc10-UCRT