CRAN Package Check Results for Package CPAT

Last updated on 2021-06-20 23:49:40 CEST.

Flavor Version Tinstall Tcheck Ttotal Status Flags
r-devel-linux-x86_64-debian-clang 0.1.0 42.49 90.35 132.84 OK
r-devel-linux-x86_64-debian-gcc 0.1.0 27.31 55.72 83.03 OK
r-devel-linux-x86_64-fedora-clang 0.1.0 175.22 NOTE
r-devel-linux-x86_64-fedora-gcc 0.1.0 137.97 NOTE
r-devel-windows-x86_64 0.1.0 49.00 118.00 167.00 OK
r-devel-windows-x86_64-gcc10-UCRT 0.1.0 NOTE
r-patched-linux-x86_64 0.1.0 32.73 72.25 104.98 OK
r-patched-solaris-x86 0.1.0 198.70 NOTE
r-release-linux-x86_64 0.1.0 31.79 73.34 105.13 OK
r-release-macos-arm64 0.1.0 NOTE
r-release-macos-x86_64 0.1.0 NOTE
r-release-windows-ix86+x86_64 0.1.0 90.00 189.00 279.00 OK
r-oldrel-macos-x86_64 0.1.0 NOTE

Check Details

Version: 0.1.0
Check: dependencies in R code
Result: NOTE
    Namespaces in Imports field not imported from:
     ‘Rdpack’ ‘grDevices’
     All declared Imports should be used.
Flavors: r-devel-linux-x86_64-fedora-clang, r-devel-linux-x86_64-fedora-gcc, r-devel-windows-x86_64-gcc10-UCRT, r-patched-solaris-x86, r-release-macos-arm64, r-release-macos-x86_64, r-oldrel-macos-x86_64